ousands digit of 1665108?
6
What is the units digit of 500593?
3
What is the hundreds digit of 22386329?
3
What is the hundred thousands digit of 9576340?
5
What is the units digit of 48370?
0
What is the ten millions digit of 11386121?
1
What is the millions digit of 8511362?
8
What is the millions digit of 5109404?
5
What is the units digit of 1863410?
0
What is the thousands digit of 656215?
6
What is the tens digit of 9264272?
7
What is the hundred thousands digit of 801396?
8
What is the ten thousands digit of 1181959?
8
What is the hundred thousands digit of 1023968?
0
What is the tens digit of 1215857?
5
What is the tens digit of 371803?
0
What is the hundreds digit of 331230?
2
What is the tens digit of 1057649?
4
What is the hundred thousands digit of 119257?
1
What is the millions digit of 3309161?
3
What is the hundreds digit of 4065964?
9
What is the units digit of 10248187?
7
What is the hundred thousands digit of 17010689?
0
What is the units digit of 258106?
6
What is the tens digit of 12488269?
6
What is the thousands digit of 3735245?
5
What is the hundred thousands digit of 2134010?
1
What is the hundred thousands digit of 22588839?
5
What is the hundred thousands digit of 300833?
3
What is the hundred thousands digit of 3640913?
6
What is the ten thousands digit of 1763458?
6
What is the hundreds digit of 974665?
6
What is the units digit of 714747?
7
What is the tens digit of 119287?
8
What is the ten thousands digit of 13291036?
9
What is the hundreds digit of 20412195?
1
What is the units digit of 4892049?
9
What is the ten millions digit of 11439504?
1
What is the units digit of 167184?
4
What is the units digit of 6732110?
0
What is the units digit of 7137390?
0
What is the millions digit of 9092917?
9
What is the hundreds digit of 7363807?
8
What is the ten thousands digit of 46766?
4
What is the ten thousands digit of 2404084?
0
What is the tens digit of 428610?
1
What is the ten thousands digit of 752778?
5
What is the ten thousands digit of 6476460?
7
What is the tens digit of 9608687?
8
What is the hundreds digit of 1412637?
6
What is the thousands digit of 136387?
6
What is the hundreds digit of 3123422?
4
What is the thousands digit of 412909?
2
What is the millions digit of 8724032?
8
What is the thousands digit of 2563377?
3
What is the thousands digit of 2188299?
8
What is the hundreds digit of 926720?
7
What is the ten thousands digit of 30777455?
7
What is the tens digit of 981911?
1
What is the thousands digit of 97761?
7
What is the tens digit of 361556?
5
What is the ten thousands digit of 2889725?
8
What is the ten thousands digit of 296174?
9
What is the hundred thousands digit of 3562374?
5
What is the units digit of 402464?
4
What is the hundreds digit of 275775?
7
What is the millions digit of 1147327?
1
What is the hundred thousands digit of 162288?
1
What is the tens digit of 323330?
3
What is the hundreds digit of 4986630?
6
What is the thousands digit of 1332671?
2
What is the hundreds digit of 4092921?
9
What is the thousands digit of 2761744?
1
What is the ten thousands digit of 3262273?
6
What is the hundred thousands digit of 2678386?
6
What is the tens digit of 1509903?
0
What is the thousands digit of 570456?
0
What is the hundred thousands digit of 12645843?
6
What is the tens digit of 1847907?
0
What is the units digit of 570525?
5
What is the units digit of 3861969?
9
What is the ten thousands digit of 15751037?
5
What is the hundred thousands digit of 1863954?
8
What is the millions digit of 9287019?
9
What is the tens digit of 6010104?
0
What is the millions digit of 6417933?
6
What is the units digit of 1881?
1
What is the hundreds digit of 1067958?
9
What is the hundreds digit of 7173410?
4
What is the hundred thousands digit of 105702?
1
What is the hundreds digit of 5378345?
3
What is the tens digit of 229534?
3
What is the units digit of 1492236?
6
What is the ten thousands digit of 5393179?
9
What is the units digit of 200254?
4
What is the hundreds digit of 57950?
9
What is the hundred thousands digit of 154551?
1
What is the hundred thousands digit of 19855612?
8
What is the tens digit of 1990901?
0
What is the hundred thousands digit of 399656?
3
What is the ten thousands digit of 1923187?
2
What is the thousands digit of 4320566?
0
What is the hundreds digit of 2937936?
9
What is the units digit of 581213?
3
What is the millions digit of 1014627?
1
What is the hundred thousands digit of 2848981?
8
What is the ten thousands digit of 4246809?
4
What is the thousands digit of 1315169?
5
What is the hundreds digit of 1171068?
0
What is the hundred thousands digit of 5163169?
1
What is the thousands digit of 712619?
2
What is the hundred thousands digit of 4663622?
6
What is the ten thousands digit of 341788?
4
What is the thousands digit of 1357955?
7
What is the thousands digit of 4062994?
2
What is the hundreds digit of 5472910?
9
What is the ten thousands digit of 385419?
8
What is the thousands digit of 8354786?
4
What is the units digit of 273653?
3
What is the units digit of 30914655?
5
What is the millions digit of 15403521?
5
What is the hundred thousands digit of 11896048?
8
What is the thousands digit of 1834448?
4
What is the thousands digit of 855236?
5
What is the ten thousands digit of 867953?
6
What is the units digit of 17237?
7
What is the units digit of 11976954?
4
What is the thousands digit of 68275?
8
What is the units digit of 772096?
6
What is the hundred thousands digit of 400780?
4
What is the thousands digit of 2930437?
0
What is the hundreds digit of 944736?
7
What is the millions digit of 1718697?
1
What is the units digit of 486755?
5
What is the thousands digit of 1088538?
8
What is the tens digit of 4294346?
4
What is the hundreds digit of 591548?
5
What is the thousands digit of 5180594?
0
What is the ten thousands digit of 583546?
8
What is the hundred thousands digit of 219667?
2
What is the hundreds digit of 104135?
1
What is the tens digit of 177877?
7
What is the ten thousands digit of 668989?
6
What is the hundreds digit of 131193?
1
What is the units digit of 513090?
0
What is the units digit of 66777?
7
What is the tens digit of 155155?
5
What is the ten thousands digit of 8600077?
0
What is the ten thousands digit of 275849?
7
What is the millions digit of 1277218?
1
What is the hundreds digit of 2146390?
3
What is the units digit of 1651272?
2
What is the tens digit of 157976?
7
What is the tens digit of 125620?
2
What is the thousands digit of 1031942?
1
What is the hundreds digit of 5913507?
5
What is the hundreds digit of 3023302?
3
What is the thousands digit of 353477?
3
What is the ten thousands digit of 12571532?
7
What is the hundreds digit of 381234?
2
What is the units digit of 2963402?
2
What is the ten thousands digit of 110864?
1
What is the units digit of 507680?
0
What is the tens digit of 184784?
8
What is the thousands digit of 177144?
7
What is the units digit of 10657447?
7
What is the tens digit of 780294?
9
What is the thousands digit of 13856662?
6
What is the hundreds digit of 457663?
6
What is the ten thousands digit of 5397226?
9
What is the thousands digit of 1513928?
3
What is the hundreds digit of 1273786?
7
What is the ten thousands digit of 12523286?
2
What is the ten thousands digit of 555528?
5
What is the units digit of 84537?
7
What is the hundreds digit of 421162?
1
What is the tens digit of 99974?
7
What is the ten thousands digit of 1051943?
5
What is the hundred thousands digit of 4162526?
1
What is the ten thousands digit of 370789?
7
What is the ten thousands digit of 4852468?
5
What is the ten thousands digit of 669762?
6
What is the hundreds digit of 2296169?
1
What is the units digit of 63018?
8
What is the ten thousands digit of 6938605?
3
What is the tens digit of 1301482?
8
What is the hundreds digit of 705914?
9
What is the millions digit of 1298124?
1
What is the ten thousands digit of 3434743?
3
What is the hundred thousands digit of 266611?
2
What is the tens digit of 388441?
4
What is the units digit of 18578052?
2
What is the tens digit of 1237052?
5
What is the millions digit of 19852264?
9
What is the ten millions digit of 17925439?
1
What is the ten thousands digit of 127466?
2
W